*g + 390 = 0. Let p be 18*(26/6 + 0). Let b = a - p. List the prime factors of b.
2, 13
Let v(n) = n**2 - 12*n + 16. Let t be v(11). Suppose 41 = p - 5*c - 23, -p - t*c + 94 = 0. List the prime factors of 12/(-16) + p/4.
19
Let r be (-6)/27 - (-42728)/63. Suppose 4*x = -4*i - x + r, 0 = 4*i + 4*x - 676. What are the prime factors of i?
167
Suppose -2*y = -v - 0*v + 997, 5*v - 5*y = 4995. List the prime factors of v.
7, 11, 13
Let j(a) = -a**3 + 11*a**2 - 12*a + 14. Let h be 132/16 - (-2)/(-8). What are the prime factors of j(h)?
2, 5, 11
Let s = 6 + -4. Suppose -2*w + s*g + 8 = 6*g, 0 = w - g - 1. Let k = w + 3. What are the prime factors of k?
5
Let o(m) = -m**2 - 7*m + 12. Let a be o(-7). Let u be a/(-30) - 816/10. Let f = u - -141. What are the prime factors of f?
59
Let q(f) = -f**2 + 5*f - 11. Let x be q(-5). Let o = 37 + x. What are the prime factors of o*(-3 + 32/12)?
2
Let x = -1006 - -2073. List the prime factors of x.
11, 97
Let h(d) = 785*d**2 - 3*d + 4. List the prime factors of h(1).
2, 3, 131
Suppose 0 = u + 2*g - 185, -748 = -4*u + 69*g - 73*g. List the prime factors of u.
3, 7
Let s(n) = n**2 + 7*n. Let l be s(-5). Let q(o) = -o**2 - 14*o + 8. What are the prime factors of q(l)?
2, 3
Suppose -2*p = -4*a - 446, 5*p - 8*p = a - 690. Let y = 395 - p. List the prime factors of y.
2, 83
Suppose -13 = -5*x + 7. Suppose -4*h - x = -4*g, 0 = g + 3*h - 0 - 9. Let y(o) = 2*o**3 - 4*o**2 + 2*o + 1. What are the prime factors of y(g)?
5
Let n = -5 + 8. Suppose -5*l = -20, -2*y + n*l + 2 = 2*l. Suppose t = y*t - 52. List the prime factors of t.
2, 13
Suppose -4*k = m - 2*k - 632, -4*k = -2*m + 1304. What are the prime factors of m?
2, 3, 107
List the prime factors of (-3)/(-4) + 578960/320.
2, 5, 181
Suppose 2*l - 2*x - 10 = 702, -3*x + 3 = 0. Suppose 11*c = 6 + l. What are the prime factors of c?
3, 11
List the prime factors of (-1048)/6*-36*2/16.
2, 3, 131
Let f(c) = 3*c + 155 - 153 + 0*c. Let o = 7 + -5. What are the prime factors of f(o)?
2
Let h(y) = -y**3 + y**2 + 2. Let o be h(0). Let n(m) = 3 + 4*m**2 - 3*m - 2*m - 3*m**o. What are the prime factors of n(8)?
3
Suppose 4*t = 4*l + 1044, 4*l - 3*l + 2 = 0. Let s = -144 + t. What are the prime factors of s?
5, 23
Let y(m) be the first derivative of m**3 - 2*m**2 - 5*m + 5. List the prime factors of y(-4).
59
Suppose 5*v + 3*n - 281 = 0, 3*v - n = 155 + 22. Let g = v - 51. List the prime factors of g.
7
What are the prime factors of 225060/(-550)*(20/3)/(-2)?
2, 11, 31
Let a(d) = d**3 + 7*d**2 + 6*d - 8. Let f be a(-6). Let p = -6 - f. List the prime factors of 35 + (1 - 0 - p).
2, 17
Suppose -22*w = -19*w - 2883. List the prime factors of w.
31
Suppose -h + 4*c - 312 = 3*h, 4*c - 233 = 3*h. Let p = h - -168. List the prime factors of p.
89
Let d(g) = -g**2 - 47*g - 54. What are the prime factors of d(-27)?
2, 3
Suppose 9 = o - 27. Suppose -6*z + 2*z + 28 = 0. Suppose z*h = 8*h - o. What are the prime factors of h?
2, 3
Let r(u) = u**2 - 14*u + 14. Let i = 60 - -93. Suppose i = -0*c + 9*c. What are the prime factors of r(c)?
5, 13
Let g(q) = q - 1. Let h(w) = w**2 - 17*w - 16. Let b(z) = -4*g(z) - h(z). Let v be b(14). Suppose -78 + v = -3*n. What are the prime factors of n?
2, 3
Let u(g) be the first derivative of g**3/3 + 4*g**2 + 13*g - 44. Let v(z) = -z**2 - 2*z - 1. Let n be v(-4). What are the prime factors of u(n)?
2, 11
Suppose -3*o - 1061 = 766. What are the prime factors of ((-10)/(-3))/(4249/o + 7)?
5, 29
List the prime factors of (-620)/(-3) - (-26)/78.
3, 23
Suppose 0 = -3*t - 0 - 0. Suppose -24 = -z - 4*x + 31, t = 4*x + 8. List the prime factors of z.
3, 7
Let w = -35 + 55. Suppose 5*y + 4*a - 392 + 62 = 0, w = -4*a. What are the prime factors of y?
2, 5, 7
Let t(p) = -2*p**3 - 2*p**2 + 3*p. Suppose 2*f + 14 = 2*n, -2*n + 4 = f - 4. Suppose 3*u - 6 = n*u. What are the prime factors of t(u)?
3
Suppose 2*d - 1 = 2*k - 3*k, -4*d = k + 1. Suppose 5*v + k*w - 21 = 0, 0 = -2*w + 7*w + 15. Suppose -7*g + 18 = -v*g. List the prime factors of g.
2, 3
Let f(m) = -21*m + 2931. List the prime factors of f(0).
3, 977
Let a = -920 - -1553. What are the prime factors of a?
3, 211
Suppose 2*p + k - 1317 = 3260, -p + 3*k = -2299. What are the prime factors of p?
2, 5, 229
Suppose -d + 7 = 2*u, -2*d + 1 = 2*u - 7. Suppose u*f - 65 = -3*q + 130, -5*f = -3*q + 235. List the prime factors of q.
2, 5, 7
Suppose -11*c = -5*c - 12. What are the prime factors of (-3)/c*2*-78 + 4?
2, 7, 17
Suppose -q = 2*q - 9. Let f(u) = 5*u - 7. Let v be f(q). Suppose 24 = v*y - 7*y. What are the prime factors of y?
2, 3
Let b(j) = -2*j**3 - 3*j**2 + 1. Let k(u) = -u**3 - u**2. Let v(x) = b(x) - 3*k(x). What are the prime factors of v(1)?
2
Let b = -1147 + 2227. List the prime factors of b.
2, 3, 5
Let b(f) = 7*f - 2. Let i be b(-1). What are the prime factors of (15/1)/(i/(-99))?
3, 5, 11
Suppose -2*g + 8 = 2*t, 4*t - 1 = -3*g + 13. Suppose -2*u = 6 - t. What are the prime factors of u*9*1/(-2)?
3
Let y = 5658 + -3710. What are the prime factors of y?
2, 487
Let r(d) = -4*d - 20. Let w be r(-7). Let c(y) = y**2 - 7*y - 5. List the prime factors of c(w).
3
Let r(c) = 3*c + 2. Let g be r(16). Let b = -21 + g. Let k = b - 4. What are the prime factors of k?
5
Let v = -558 - -1286. List the prime factors of v.
2, 7, 13
Let n = 23 - 22. Suppose 4*a = -3*r + 19, 2*a = n - 11. What are the prime factors of r?
13
Let o = -163 + 306. List the prime factors of o.
11, 13
Let r = -437 - -1116. List the prime factors of r.
7, 97
Let z = -555 + 597. What are the prime factors of z?
2, 3, 7
Let c = -12 + 16. Suppose 2*v - 258 = 2*a, 0 = -v + c*v - 5*a - 395. Suppose -2*s - v = -7*s. What are the prime factors of s?
5
Suppose -18900 = -11*x + 8248. List the prime factors of x.
2, 617
Let h(j) = j**2 + 31*j + 108. List the prime factors of h(-36).
2, 3
Let b = 48 + -33. Suppose -b = n + 2*n. Let r(l) = -4*l + 1. List the prime factors of r(n).
3, 7
Let h(r) be the first derivative of r**4/4 - r**3/3 - 3*r**2/2 - r - 8. Let z be h(4). Suppose 6*d = 5*d + z. List the prime factors of d.
5, 7
Let u be 7/(21/9)*1. Suppose -u*h - 4*l = -0*h - 39, 2*h + 3*l - 26 = 0. What are the prime factors of h?
13
Let h(u) = -u**3 + 4*u**2 + u - 5. Let x = 16 - 14. Suppose 0 = 5*p + 2*l - 15, 2*p = -p + x*l + 9. List the prime factors of h(p).
7
Suppose 0 = 8*w - 1457 - 159. List the prime factors of w.
2, 101
Let x(k) = 7*k**2 - k**3 + 189 + 8*k - 97 - 96. Let g be ((-12)/14)/((-1)/7). What are the prime factors of x(g)?
2, 5
Let m = 52 + 628. Suppose -5*z + m = -0*z. What are the prime factors of z?
2, 17
Suppose -2*k - 32400 = -27*k. List the prime factors of k.
2, 3
Let n be -1 - 3/(-5) - 12078/55. Let p = -143 - n. What are the prime factors of p?
7, 11
Let h(u) = -7*u**3 + 5*u**2 + 2. What are the prime factors of h(-4)?
2, 5, 53
Let g be (-28)/4 + 2 - -5. List the prime factors of 10*(g + (-57)/(-6)).
5, 19
Let w(q) = 7*q - 20*q + 24*q**2 - 19 - 22 + 12. List the prime factors of w(-3).
2, 113
List the prime factors of -2*1 + -2 - (-66 - -13).
7
Suppose 10*o - 1662 = -342. What are the prime factors of o?
2, 3, 11
Let m(a) = -a**2 - 8*a + 13. Let l be m(-9). Let t(p) = 2*p + 1. Let d be t(l). What are the prime factors of 3*((-6)/d - -2)?
2
Let l(p) be the first derivative of p**3/3 + 4*p**2 + 2*p - 1. Suppose -58*y + 51*y = -28. List the prime factors of l(y).
2, 5
Let l(h) = 2*h**2 - 14 + 6*h - 8*h - h**2. Let a be l(-7). Let s = a + -24. List the prime factors of s.
5
Let z = 10401 + -7362. What are the prime factors of z?
3, 1013
Let b = 854 + -270. List the prime factors of b.
2, 73
Let v = 389 + -179. Let m = v - 136. What are the prime factors of m?
2, 37
Let p = 13 - 25. List the prime factors of 2/(-8) - (-5 - (-255)/p).
2, 13
Suppose 132 = 6*l - 174. What are the prime factors of l?
3, 17
Let i = -989 + 991. List the prime factors of i.
2
Let b be 29 + (1 - (-2 + 3)). Suppose -28*y = -b*y + 198. What are the prime factors of y?
2, 3, 11
Let o(b) = -6*b + 2. Let k = 5 - 8. Let w be o(k). Suppose -5*v + 59 - 19 = -2*r, -2*r = v - w. What are the prime factors of v?
2, 5
Let v be -11 + (-1*8)/2. What are the prime factors of (-10)/v + (-230)/(-6)?
3, 13
Suppose 4*r - 4*i + 20 = 0, -2*i = 2*r - 12 + 2. Let b be (212/8 - r)*2. L